3*p + 10*p**2 - 3. Let k(j) = j**3 + 5*j**2 - 4*j. Let y(d) = -13*k(d) + 6*s(d). Let g be (-11)/2 - (-4)/8. Determine y(g).
4
Let d(m) = -m**2 - 7*m + 3. Let a(y) = 5*y**2 + 36*y - 15. Let q(l) = -2*a(l) - 11*d(l). Let u(i) be the first derivative of q(i). Give u(-6).
-7
Let g(w) = 4*w**2 - 4. Let p be (-1 - -4)*10/15. Suppose -a - p*a - 15 = 0. Let o(t) = t**2 - 1. Let r(u) = a*o(u) + g(u). Calculate r(1).
0
Let i(c) = -1 - 1 + 4 - 3 - c**2 - 2*c. Determine i(-4).
-9
Let b(o) = o - 1. Let a(r) = -r**2 + 4*r - 5. Let i(c) = -a(c) + 4*b(c). Give i(-1).
2
Let r be 4*-2*3/(-6). Let o(j) = -3*j + 3 + j**2 - r*j**2 + 2*j**2. Give o(-3).
3
Suppose 2*l + 2 = -4. Let a(b) = 2*b**2 + 3*b + 7. Let m(n) = n**2 + 2*n + 6. Let f(k) = -2*a(k) + 3*m(k). Determine f(l).
-5
Let j(v) = 0 + 5 - 19*v**2 + 18*v**2. What is j(0)?
5
Let u(w) = w**3 - 6*w**2 + 4*w - 2. Suppose -2 - 10 = -4*m. Suppose 0*q = 4*q. Suppose q = -m*t + t + 10. Determine u(t).
-7
Suppose 4*i + 1 = -2*y - 5, 3*y = 3*i + 18. Let q(g) = g**2 - 4*g - 2. Determine q(y).
-5
Let j = -6 - -13. Let p be 19/j + (-8)/(-28). Let z(k) = -p - k + 0*k + 5. Give z(3).
-1
Let x(o) = -3*o - 2. Let a(w) = w**2 + 10*w - 16. Let y be a(-11). Calculate x(y).
13
Suppose 2*d + d = 33. Let y = d - 3. Let n(o) = -y*o + 2 + 2 + o**2 - 9 + 2*o. Calculate n(6).
-5
Let f(y) be the first derivative of y**4/4 + 5*y**3/3 - 3*y**2 + 7. Give f(-6).
0
Let b(s) = s**2 + 6*s - 1. Suppose -5*c - 3 = 27. Determine b(c).
-1
Suppose -3*f = 2*g, -2*g + 3*f = -0*g - 12. Let l(o) = g*o - 3*o - 3*o + 2 - 5. Give l(-2).
3
Let p(u) = u**3 - 2*u. Let x be -5 + 6*2/(-4). Let d = x - -10. Give p(d).
4
Let f = 1 + 0. Let c(u) be the second derivative of 1/6*u**3 - 1/2*u**2 - 1/12*u**4 + 0 + 5*u + 3/20*u**5. Calculate c(f).
2
Let i(k) = k**2 - 9. Suppose 2*p + 5 = -4*m + 1, 0 = 2*m - 4*p - 8. Determine i(m).
-9
Let c = 8 - 13. Let r = -3 - c. Let a(l) = -r*l - 1 + l + 2*l. Calculate a(4).
3
Let u(r) = -6 - 3*r - 8*r - 6 + 0 - r**2. Let b be u(-10). Let d(i) = i**3 + i**2 + i + 1. Give d(b).
-5
Suppose 5*b - 12 = 3. Suppose -b*h = 9 - 3. Let g(a) = -a**3 - a**2 - 3*a - 3. Give g(h).
7
Let r(s) = -s**3 - s**2 + s. Let j(t) = -3*t**3 - 9*t**2 - 4*t + 6. Let n(k) = j(k) - 2*r(k). Determine n(-6).
6
Let q(m) = 8*m + 1. Let g be q(1). Let z be 15/g*(-1 - -4). Suppose z*p = -12 + 37. Let k(u) = u. What is k(p)?
5
Let f(r) = -4*r**2 + 2*r - 1. Let w(u) = -9*u**2 + 5*u - 2. Let q(g) = -7*f(g) + 3*w(g). Give q(3).
13
Suppose -4 = 4*o + 4*g, -2*o + 5*g - 33 = -3. Let y(m) = -m - m + m**3 - 4*m + 4*m**2 + 6. Calculate y(o).
11
Let v = 36 - 21. Let y = v + -14. Let h(l) = -6*l**3 - l**2 + l - 1. What is h(y)?
-7
Let q(b) = -b**3 + b + 1. Let c(p) = -15*p**3 + 4*p + 3. Let g(l) = -c(l) + 4*q(l). What is g(1)?
12
Let o(h) = -h**3 - 2*h**2 + 1. Let p(w) = -w + 5. Let d be p(6). What is o(d)?
0
Let x(l) = -10*l - 1. Let f(z) = -18*z - 1. Let r(o) = -4*f(o) + 7*x(o). Let c(h) = 3*h**3 - 2*h + 1. Let v be c(1). Calculate r(v).
1
Let p(h) = -h**3 + h**2 + 3*h - 2. Let j be 46/8 + (-6)/8. Let b = 7 - j. Calculate p(b).
0
Let a(q) = -2*q**3 + 2*q**2 + q - 18. Let i(h) = 5*h**3 - 5*h**2 - 2*h + 35. Let m(c) = -7*a(c) - 3*i(c). Determine m(0).
21
Let x(r) = 3*r + 1. Suppose -4*d - 4 = -n, 2*n + 5*d + 2 + 3 = 0. Suppose -4*b = 4*o - 8, -3*b + n*b = 0. Determine x(o).
7
Let y(s) be the first derivative of -s**6/120 + s**5/12 + 7*s**4/24 - 2*s**3/3 - 2*s**2 + 3. Let c(r) be the second derivative of y(r). Calculate c(6).
2
Let o be ((-20)/8 + 2)*-8. Let n(y) = -8*y + 3 - o + 1 + y**2 + 2. Determine n(6).
-10
Let t(m) be the first derivative of -m**3/3 - 2*m**2 + 2*m + 12. Suppose -5 = 2*g - g. What is t(g)?
-3
Let w(r) be the third derivative of r**6/120 - r**5/10 + 7*r**4/24 + r**3/3 - 27*r**2. Suppose 0 = -0*o + o - x - 10, -4*o + 2*x = -30. What is w(o)?
12
Let m(a) = 4*a**2 - 2*a + 1. Let l(i) = 3*i**2 - 3*i. Let t = 13 - 18. Let v(f) = t*l(f) + 4*m(f). Let b(j) = -j - 1. Let y(p) = -2*b(p) - v(p). Give y(-4).
2
Suppose -7*u + 3*u = -160. Suppose 14 = -3*k + f, -4*k - u = -0*k + 4*f. Let a(j) = j**2 + 8*j + 6. What is a(k)?
-6
Let k(a) = 3*a**2 + 1 + 1 - 2*a - 3 + 2. Let f = -57 - -59. Give k(f).
9
Suppose -2*i = 3*l - 4, i = l + 2*i - 1. Let u = 4 - 2. Let x(f) = f**l - 2*f + 3*f - 1 - u*f. What is x(-2)?
5
Let g be 1/2 + (-1)/2. Let j be 35/3 - (-6)/(-9). Let z(u) = u**2 + 2*u - 3. Let a(l) = 6*l**2 + 11*l - 15. Let p(s) = j*z(s) - 2*a(s). Calculate p(g).
-3
Let q(z) = -z**2 + 1. Let r be q(3). Let d(p) = p**3 + 8*p**2 + 6. Let t be d(r). Let b(j) = -j**3 - j - 2*j + 10*j + 4*j**2 - t. What is b(5)?
4
Let i(m) be the first derivative of 2/3*m**3 + 1/4*m**4 - 1/2*m**2 + 3*m + 2. Calculate i(-3).
-3
Let q(v) = 8*v + v**3 - 11*v + 2*v**3 - 3 + 2*v**2 - 2*v**3. Calculate q(-3).
-3
Let o = -13 + 5. Let i = o + 9. Let t(x) = -2*x + 1. Calculate t(i).
-1
Let n(u) be the third derivative of u**6/120 + u**5/30 - u**4/12 + u**3/6 + 2*u**2. Give n(1).
2
Let x(t) = -4*t + 2*t - 3 + t. Let n = 8 - 6. Suppose 2*p = 2*g - 6*g + 26, -n*g - 2 = -4*p. Give x(g).
-8
Let m(x) be the third derivative of -x**5/60 + x**4/24 - x**3/3 + 11*x**2. What is m(2)?
-4
Let i(t) be the first derivative of -t**3/3 - 4*t**2 - 4*t - 22. Give i(-7).
3
Let t(v) = 5*v**3 - 3*v**2 - 3*v + 3. Let h(l) = -l**3 + l**2 - 1. Let w(u) = -4*h(u) - t(u). Let n(d) = -d**3 - 4*d**2 + 2*d + 5. Let i be n(-4). Give w(i).
10
Let k(c) = 0 + 4 - 7 + c + 2. What is k(7)?
6
Let d = 21 - 15. Let g(l) = l**2 - 6*l + 6. Give g(d).
6
Let w(o) = -2*o - 4*o + o + 4*o. Determine w(4).
-4
Let f(z) = 0*z - 3*z - 3*z. Let i = 297 - 296. Give f(i).
-6
Let j(r) = r + 9. Let d(h) = -2*h + 8. Let o be d(4). Calculate j(o).
9
Let s(u) be the third derivative of -u**4/24 - 4*u**3/3 + 23*u**2. Determine s(6).
-14
Let m(s) = s**3 + 5*s**2 - 6*s - 1. Let p be m(-6). Let r(o) = o + 1. Let g(u) = -1 + 2*u + 0 + 0*u. Let v(d) = p*g(d) + 3*r(d). Give v(-4).
0
Let d(n) = -2*n + 3. Let p be d(4). Let a(s) = 2*s + 7. What is a(p)?
-3
Let c(y) be the first derivative of 3*y - 3*y**2 + 4 - 1/4*y**4 + 2*y**3. What is c(4)?
11
Let j = -1 - -6. Let g(q) = j*q - 3 - 1 - 2*q + 1. Determine g(3).
6
Suppose -2*r = -7*r. Let d(b) = -5 - 1 - 2*b**2 + 8*b + r + 3*b**2. Let p be d(-9). Let t(u) = u**2 - 3*u - 2. Determine t(p).
-2
Let h = -7 - -7. Let t = h - 3. Let p(o) be the first derivative of -o**3/3 - o**2 + o - 1. Give p(t).
-2
Let r(u) be the first derivative of -u**3/3 - u**2 - 3*u - 1. Suppose -9*g - 274 + 229 = 0. Determine r(g).
-18
Let k(a) = a**2 - 4*a - 5. Let o(c) = -c**2 + 8*c - 10. Let u be o(5). Calculate k(u).
0
Let v be 26*(-2)/(-12)*-3. Let n = v + 7. Let l(y) = y + 7. Determine l(n).
1
Let h(x) = x**3 + 3*x**2 - 2*x - 3. Let o = -2 + 4. Let a(l) = l - 4. Let w be a(6). Suppose 4 = -w*z - o. Determine h(z).
3
Let l(t) be the third derivative of -t**5/30 + t**4/6 - t**3/6 - 14*t**2 - 5. Suppose -10 = -3*c + 2. What is l(c)?
-17
Let o(l) = -5*l**2 - 3*l - 3. Let a(b) = -b**2 + b - 1. Let y(q) = 4*a(q) - o(q). Calculate y(-6).
-7
Suppose 4*z = -5*q - z - 40, -3*q + 2*z + 1 = 0. Let x(j) = j**3 - 3*j**2 - j + 2. Let p(c) = c**3 - 2*c**2 - c + 1. Let b(o) = 6*p(o) - 5*x(o). Give b(q).
-1
Let g(a) = -1 + 4*a**2 + 0 + 3*a**2. Let u be g(1). Let i(b) = -7*b**2 - 6*b - u - 3*b**2 + 4*b**2 - b**3. What is i(-5)?
-1
Let u(o) = 1 - o + 0*o + 2*o**2 - 2*o. Suppose 4*g - 28 = -0*g. Suppose 3*i - g = -1. What is u(i)?
3
Suppose -4*n + 6 = -2*g, g - 5 = -0*n - 2*n. Suppose 3*c = -3*w - 9, -4*w = n*c - 7*c + 30. Let s(k) = k**3 + 6*k**2 + 3*k - 7. Calculate s(w).
3
Let v(w) = -w**2 - 5*w - 7. Let d be v(-6). Let g = 9 + d. Let q(p) be the third derivative of p**4/12 + p**3/3 + p**2. What is q(g)?
-6
Let s be (-42)/(-8) + -7 - (-1)/(-4). Let h(x) = x**2 + 2*x + 1. Calculate h(s).
1
Let k(r) be the first derivative of 2*r**3/3 - r**2 + r - 6. Give k(1).
1
Let i(p) = -6*p + 11. Let q(f) = 0*f - 3*f - 1 + 6. Let r(u) = 6*i(u) - 13*q(u). Calculate r(-1).
-2
Let g(b) = b**3 - 4*b**2 + 4*b - 1. Suppose -2*c - 18 = -4*v, 6*c - c + 18 = v. Calculate g(v).
2
Let y(x) = -x**2 - 8. Let f = -166 + 166. Determine y(f).
-8
Let f(q) = -698 + 345 + 352 - 2*q. What is f(1)?
-3
Let q(r) = -r**3 - 3*r**2 - 2*r + 2. Let g(i) = -i - 8. Let j be (-2)/5 + (-69)/15. Let b(